{"id":257,"date":"2020-11-04T19:20:49","date_gmt":"2020-11-04T19:20:49","guid":{"rendered":"https:\/\/tatjana-haeuselmann.ch\/real-sek-aarberg\/?page_id=257"},"modified":"2026-02-16T15:16:44","modified_gmt":"2026-02-16T15:16:44","slug":"downloads-2","status":"publish","type":"page","link":"https:\/\/realsekaarberg.ch\/index.php\/downloads\/downloads-2\/","title":{"rendered":"Downloads"},"content":{"rendered":"\t\t<div data-elementor-type=\"wp-page\" data-elementor-id=\"257\" class=\"elementor elementor-257\">\n\t\t\t\t\t\t<section class=\"elementor-section elementor-top-section elementor-element elementor-element-45d95ea elementor-section-boxed elementor-section-height-default elementor-section-height-default\" data-id=\"45d95ea\" data-element_type=\"section\" data-e-type=\"section\">\n\t\t\t\t\t\t<div class=\"elementor-container elementor-column-gap-default\">\n\t\t\t\t\t<div class=\"elementor-column elementor-col-100 elementor-top-column elementor-element elementor-element-a90b1a9\" data-id=\"a90b1a9\" data-element_type=\"column\" data-e-type=\"column\">\n\t\t\t<div class=\"elementor-widget-wrap elementor-element-populated\">\n\t\t\t\t\t\t<div class=\"elementor-element elementor-element-113c99f elementor-widget elementor-widget-text-editor\" data-id=\"113c99f\" data-element_type=\"widget\" data-e-type=\"widget\" data-widget_type=\"text-editor.default\">\n\t\t\t\t<div class=\"elementor-widget-container\">\n\t\t\t\t\t\t\t\t\t<h1 style=\"margin-top: 1.71429rem; margin-bottom: 1.71429rem;\">Allgemeine Informationen zum Schulbetrieb<\/h1><p style=\"font-size: 15px; line-height: 1.71429;\"><strong>Schulinformationen<\/strong><\/p><p style=\"font-size: 15px; line-height: 1.71429;\">Kompakte <a href=\"https:\/\/realsekaarberg.ch\/wp-content\/uploads\/2025\/06\/Infobulletin2025.pdf\"><span style=\"font-weight: bolder; font-size: 15px;\">Kurzinformation zur Schule<\/span> <\/a>f\u00fcr neue Sch\u00fclerinnen und Sch\u00fcler sowie deren Eltern.<br \/>Das aktuelle <a href=\"https:\/\/realsekaarberg.ch\/wp-content\/uploads\/2025\/02\/Infoblatt_66_Feb_26_red2.pdf\"><span style=\"font-weight: bolder; font-size: 15px;\">Infoblatt<\/span><\/a> (ca. 3 MB). Es enth\u00e4lt Berichte von Sch\u00fclern, aber auch wichtige Mitteilungen an die Eltern. Das Infoblatt erscheint in der Regel zweimal j\u00e4hrlich (ca. Februar und Juni).<br \/>Die aktuelle\u00a0<a href=\"https:\/\/realsekaarberg.ch\/wp-content\/uploads\/2022\/12\/SZA_Juni_25.pdf\"><strong>Sch\u00fclerInnenzeitung<\/strong><\/a>. Ein Projekt aus unserem Wahlfachangebot.<\/p><p style=\"font-size: 15px; line-height: 1.71429;\"><strong>Mittelschulen<\/strong><\/p><p style=\"font-size: 15px; line-height: 1.71429;\"><a href=\"https:\/\/realsekaarberg.ch\/wp-content\/uploads\/2025\/08\/1_25_Info_MS_8._9.pdf\"><strong>Allgemeine Elterninformation<\/strong> (8. + 9. Kl) <span style=\"font-weight: bolder; font-size: 15px;\">zu den weiteren Bildungswegen<\/span><\/a>.\u00a0<\/p><p style=\"font-size: 15px; line-height: 1.71429;\"><strong>Anleitung<\/strong> zum <a href=\"https:\/\/realsekaarberg.ch\/wp-content\/uploads\/2020\/11\/Anleitung_Anmeldeverfahren_Mittelschulen_24.pdf\"><span style=\"font-weight: bolder; font-size: 15px;\">online-Anmeldeverfahren f\u00fcr die Mittelschulen<\/span><\/a>.\u00a0<\/p><p style=\"font-size: 15px; line-height: 1.71429;\"><strong><br \/>div. Papiere zur Schule<\/strong><\/p><p style=\"font-size: 15px; line-height: 1.71429;\">Grundlagenpapier Gesuche f\u00fcr <span style=\"font-weight: bolder; font-size: 15px;\">Dispensationen oder Gruppenumteilungen<\/span> im <strong>Zusammenhang <\/strong>mit<strong> Sport <\/strong>(zB. talent card) und<strong> Musik<\/strong>.<br \/><a href=\"https:\/\/realsekaarberg.ch\/wp-content\/uploads\/2026\/02\/Konzept_2026_Umgang-mit-Dispensationen-und-Gruppenumteilungen-.pdf\">Konzept zu Dispensationen vom Unterricht (betrifft Sporttraining oder Musikschule)<\/a><\/p><p style=\"font-size: 15px; line-height: 1.71429;\"><strong>Direktionsverordnung zu den Absenzen<\/strong> und <strong>Dispensationen<\/strong><\/p><p><a href=\"https:\/\/realsekaarberg.ch\/wp-content\/uploads\/2023\/02\/DV_Absenzen_22.pdf\"><strong>Direktionsverordnung \u00fcber Dispensationen und Absenzen an der Volksschule<\/strong><\/a><\/p><p style=\"font-size: 15px; line-height: 1.71429;\">Unser <span style=\"font-weight: bolder; font-size: 15px;\">Berufswahlkonzept<\/span> kl\u00e4rt die Zusammenarbeit zwischen Eltern, Berufsberatung und Schule.<br \/><a href=\"https:\/\/realsekaarberg.ch\/wp-content\/uploads\/2020\/12\/BW_Konzept_23.pdf\">Berufswahlkonzept<\/a><\/p><p style=\"font-size: 15px; line-height: 1.71429;\"><span style=\"font-weight: bolder; font-size: 15px;\">Direktionsverordnung zur Sch\u00fclerbeurteilung nach LP21<\/span>\u00a0<br \/><a href=\"https:\/\/realsekaarberg.ch\/wp-content\/uploads\/2020\/11\/DVBS_2018.pdf\">Direktionsverordnung zur Beurteilung und den Laufbahnentscheiden<\/a><\/p><p style=\"font-size: 15px; line-height: 1.71429;\">Information zum <span style=\"font-weight: bolder; font-size: 15px;\">Datenschutz im Schulbetrieb<\/span>.<br \/><a href=\"https:\/\/realsekaarberg.ch\/wp-content\/uploads\/2020\/11\/Konzept_Datenschutz_25.pdf\">Konzept zum Daten- und Pers\u00f6nlichkeitsschutz im Unterrich<\/a><a href=\"https:\/\/realsekaarberg.ch\/wp-content\/uploads\/2020\/11\/Konzept_Datenschutz_25.pdf\">t<\/a><\/p><p style=\"font-size: 15px; line-height: 1.71429;\">Das <strong>Organisationsreglement des Schulverbandes Aarberg<\/strong><\/p><p style=\"font-size: 15px; line-height: 1.71429;\"><strong><a href=\"https:\/\/realsekaarberg.ch\/wp-content\/uploads\/2021\/08\/OGR_SV_Aarberg_2021.pdf\">Organisationsregelement des Schulverbandes<\/a><\/strong><\/p><p>Die <strong>Entstehung<\/strong> des aktuellen \u00a0<a href=\"https:\/\/realsekaarberg.ch\/wp-content\/uploads\/2022\/06\/Geschichte_Wandbild_25.pdf\">Wandbildes in Kurzform<\/a><\/p><h1 style=\"margin-top: 1.71429rem; margin-bottom: 1.71429rem;\">Unsere Schule in der Presse<\/h1><p style=\"margin-top: 1.71429rem; margin-bottom: 1.71429rem;\">(reduzierte Auswahl)<br \/>Bericht zu &#171;Lueg h\u00e4re!&#187; 2025<br \/><a href=\"https:\/\/realsekaarberg.ch\/wp-content\/uploads\/2025\/05\/Lueg-haere-25.pdf\">Bericht Bieler Tagblatt &#171;Lueg h\u00e4re!&#187; vom 2.Mai 2025<\/a><\/p><p><span style=\"font-size: 15px;\">Bericht des Bieler Tagblattes vor der Abstimmung zum OSZ Aarberg<\/span><\/p><p><span style=\"font-size: 15px;\"><a href=\"https:\/\/realsekaarberg.ch\/wp-content\/uploads\/2024\/11\/BT_Abstimmung_Nov_24.pdf\">Bericht Bieler Tagblatt vor der Abstimmung zum OSZ 20.11.2024<\/a>\u00a0<\/span><\/p><p><span style=\"font-size: 15px;\">Bericht 2022 des Bieler Tagblattes zum L\u00fcften<\/span><\/p><p><a href=\"https:\/\/realsekaarberg.ch\/wp-content\/uploads\/2022\/06\/BT_Lueften_11_6_22.pdf\">Bieler Tagblatt zum L\u00fcften 10.6.2022<\/a><\/p><p><span style=\"font-size: 15px;\">Bericht 2022 des Bieler Tagblattes zum Aarberger Spieltag<\/span><\/p><p><span style=\"font-size: 15px;\"><strong><a href=\"https:\/\/realsekaarberg.ch\/wp-content\/uploads\/2022\/06\/BT_Spieltag_4_6_2022.pdf\">Bieler Tagblatt zum Spieltag 4.6.2022<\/a><\/strong><\/span><\/p><p><span style=\"font-size: 15px;\">Bericht 2022 des Bieler Tagblattes zum Projekt Lueg h\u00e4re!<\/span><\/p><p><strong><a href=\"https:\/\/realsekaarberg.ch\/wp-content\/uploads\/2022\/05\/BT_Lueg_haere_12_5_2022.pdf\">Bieler Tagblatt Lueg h\u00e4re! 12.5.2022<\/a><\/strong><\/p><p><span style=\"font-size: 15px;\">Bericht 2021 Bieler Tagblatt zum geplanten Oberstufenzentrum in Aarberg<\/span><\/p><p><a href=\"https:\/\/realsekaarberg.ch\/wp-content\/uploads\/2021\/02\/BT_OSZ_2_2_21.pdf\">Bieler Tagblatt Oberstufenzentrum 2.2.2021<\/a><\/p><p><span style=\"font-size: 15px;\">Bericht 2018 Bieler Tagblatt zum <\/span><span style=\"font-size: 15px;\">Handykurs mit Senioren<\/span><\/p><p style=\"font-size: 15px; line-height: 1.71429;\"><a style=\"font-size: 15px; letter-spacing: 0px;\" href=\"https:\/\/realsekaarberg.ch\/wp-content\/uploads\/2020\/11\/BT_Aarseniorkurs_15_3_18.pdf\">Bielertagblatt Aarseniorkurse 15.3.2018<\/a><\/p><p><span style=\"font-size: 15px;\">Bericht 2016 im Bieler Tagblatt zum <\/span><span style=\"font-size: 15px;\">Sporttag<\/span><span style=\"font-size: 15px;\">.<\/span><\/p><p style=\"font-size: 15px; line-height: 1.71429;\"><a style=\"font-size: 15px; letter-spacing: 0px;\" href=\"https:\/\/realsekaarberg.ch\/wp-content\/uploads\/2020\/11\/BT_Sporttag_30_5_2016.pdf\">Bieler Tagblatt Sporttag 30.5.2016<\/a><\/p><p><span style=\"font-size: 15px;\">Eine Delegation des Sch\u00fclerrates<\/span><span style=\"font-size: 15px;\"> im Bieler Tagblatt vom 18.5.2015.<\/span><\/p><p style=\"font-size: 15px; line-height: 1.71429;\"><a style=\"font-size: 15px; letter-spacing: 0px;\" href=\"https:\/\/realsekaarberg.ch\/wp-content\/uploads\/2020\/09\/BT_SR_18_5_15.pdf\">Bieler Tagblatt Sch\u00fclerrat 18.5.2015<\/a><\/p><p style=\"font-size: 15px; line-height: 1.71429;\">Bericht des Bieler Tagblattes vom April 2015 zum Projekt <span style=\"font-weight: bolder; font-size: 15px;\">Lueg h\u00e4re!<\/span> der Gemeinde Aarberg zusammen mit der Real- und Sekundarschule Aarberg.<br \/><a href=\"https:\/\/realsekaarberg.ch\/wp-content\/uploads\/2020\/11\/BT_Lueg_haere_30_4_15.pdf\">Bieler Tagblatt Lueg h\u00e4re! 30.4.2015<\/a><\/p><p><span style=\"font-size: 15px;\">Bericht in der Berner Zeitung zum <\/span><span style=\"font-size: 15px;\">Preis EDUARD der PH Bern<\/span><span style=\"font-size: 15px;\"> vom Februar 2015<\/span><\/p><p style=\"font-size: 15px; line-height: 1.71429;\"><a style=\"font-size: 15px; letter-spacing: 0px;\" href=\"https:\/\/realsekaarberg.ch\/wp-content\/uploads\/2020\/11\/BZ_EDUARD-Preis_20_2_15.pdf\">Berner Zeitung EDUARD-Preisverleihung 20.2.2015<\/a><\/p><p style=\"font-size: 15px; line-height: 1.71429;\">Artikel im Bieler Tagblatt zum <span style=\"font-weight: bolder; font-size: 15px;\">Langlauf an der Real- und Sekundarschule Aarberg<\/span> vom 23.1.2015<br \/><a href=\"https:\/\/realsekaarberg.ch\/wp-content\/uploads\/2020\/11\/BT_Langlauflager_23_1_15.pdf\">Bilder Tagblatt Langlauflager 23.1.2015<\/a><\/p><p style=\"font-size: 15px; line-height: 1.71429;\"><span style=\"font-size: 15px;\">Artikel September 13 in der <\/span><span style=\"font-size: 15px;\">Oberhessischen Presse zum Besuch in Marburg<\/span><span style=\"font-size: 15px;\"> (Projekt Ameisenstrasse)<\/span><br \/><a style=\"font-size: 15px;\" href=\"https:\/\/realsekaarberg.ch\/wp-content\/uploads\/2020\/11\/D_Marburg_13.pdf\">Oberhessische Presse Marburgaustausch 17.9.2013<\/a><\/p><p style=\"font-size: 15px; line-height: 1.71429;\">Bericht in der Lehrerinnen- und Lehrerzeitung vom 6.2.13 zum <span style=\"font-weight: bolder; font-size: 15px;\">Mentoring neuer Lehrkr\u00e4fte<\/span><br \/><a href=\"https:\/\/realsekaarberg.ch\/wp-content\/uploads\/2020\/11\/LEBE_Mentoring_6_2_13.pdf\">LEBE Zeitung Mentoring an Schulen 6.2.2013<\/a><\/p><p style=\"font-size: 15px; line-height: 1.71429;\"><span style=\"font-size: 15px;\">Artikel im Bieler Tagblatt zur <\/span><span style=\"font-size: 15px;\">Vernissage Eingangsbild<\/span><span style=\"font-size: 15px;\"> und zum Schulfest vom 13. August 2009.<\/span><br \/><a style=\"font-size: 15px;\" href=\"https:\/\/realsekaarberg.ch\/wp-content\/uploads\/2020\/11\/Zeitart_175_BT_15_8_09.pdf\">Bieler Tagblatt 175 Jahre Sek Aarberg 15.8.2009<\/a><\/p><p style=\"font-size: 15px; line-height: 1.71429;\"><span style=\"font-size: 15px;\">Artikel im BUND zum <\/span><span style=\"font-size: 15px;\">Besuch von Bundesrat Moritz Leuenberger<\/span><br \/><a style=\"font-size: 15px;\" href=\"https:\/\/realsekaarberg.ch\/wp-content\/uploads\/2020\/11\/BUND_BR_Leuenberger_05.pdf\">DER BUND Schulbesuch Bundesrat Leuenberger 2005<\/a><\/p>\t\t\t\t\t\t\t\t<\/div>\n\t\t\t\t<\/div>\n\t\t\t\t\t<\/div>\n\t\t<\/div>\n\t\t\t\t\t<\/div>\n\t\t<\/section>\n\t\t\t\t<\/div>\n\t\t","protected":false},"excerpt":{"rendered":"<p>Allgemeine Informationen zum Schulbetrieb Schulinformationen Kompakte Kurzinformation zur Schule f\u00fcr neue Sch\u00fclerinnen und Sch\u00fcler sowie deren Eltern.Das aktuelle Infoblatt (ca. 3 MB). Es enth\u00e4lt Berichte von Sch\u00fclern, aber auch wichtige Mitteilungen an die Eltern. Das Infoblatt erscheint in der Regel zweimal j\u00e4hrlich (ca. Februar und Juni).Die aktuelle\u00a0Sch\u00fclerInnenzeitung. Ein Projekt aus unserem Wahlfachangebot. Mittelschulen Allgemeine Elterninformation (8. + 9. Kl) zu den weiteren Bildungswegen.\u00a0 Anleitung zum online-Anmeldeverfahren f\u00fcr die Mittelschulen.\u00a0 div. Papiere zur Schule Grundlagenpapier Gesuche f\u00fcr Dispensationen oder Gruppenumteilungen im Zusammenhang mit Sport (zB. talent card) und Musik.Konzept zu Dispensationen vom Unterricht (betrifft Sporttraining oder Musikschule) Direktionsverordnung zu den Absenzen und Dispensationen Direktionsverordnung \u00fcber Dispensationen und Absenzen an der Volksschule Unser Berufswahlkonzept kl\u00e4rt die Zusammenarbeit zwischen Eltern, Berufsberatung und Schule.Berufswahlkonzept Direktionsverordnung zur Sch\u00fclerbeurteilung nach LP21\u00a0Direktionsverordnung zur Beurteilung und den Laufbahnentscheiden Information zum Datenschutz im Schulbetrieb.Konzept zum Daten- und Pers\u00f6nlichkeitsschutz im Unterricht Das Organisationsreglement des Schulverbandes Aarberg Organisationsregelement des Schulverbandes Die Entstehung des aktuellen \u00a0Wandbildes in Kurzform Unsere Schule in der Presse (reduzierte Auswahl)Bericht zu &#171;Lueg h\u00e4re!&#187; 2025Bericht Bieler Tagblatt &#171;Lueg h\u00e4re!&#187; vom 2.Mai 2025 Bericht des Bieler Tagblattes vor der Abstimmung zum OSZ Aarberg Bericht Bieler Tagblatt vor der Abstimmung zum OSZ 20.11.2024\u00a0 Bericht 2022 des Bieler Tagblattes zum L\u00fcften Bieler Tagblatt zum L\u00fcften 10.6.2022&hellip;<\/p>\n","protected":false},"author":1,"featured_media":0,"parent":104,"menu_order":0,"comment_status":"closed","ping_status":"closed","template":"","meta":{"footnotes":""},"class_list":["post-257","page","type-page","status-publish","hentry"],"_links":{"self":[{"href":"https:\/\/realsekaarberg.ch\/index.php\/wp-json\/wp\/v2\/pages\/257","targetHints":{"allow":["GET"]}}],"collection":[{"href":"https:\/\/realsekaarberg.ch\/index.php\/wp-json\/wp\/v2\/pages"}],"about":[{"href":"https:\/\/realsekaarberg.ch\/index.php\/wp-json\/wp\/v2\/types\/page"}],"author":[{"embeddable":true,"href":"https:\/\/realsekaarberg.ch\/index.php\/wp-json\/wp\/v2\/users\/1"}],"replies":[{"embeddable":true,"href":"https:\/\/realsekaarberg.ch\/index.php\/wp-json\/wp\/v2\/comments?post=257"}],"version-history":[{"count":201,"href":"https:\/\/realsekaarberg.ch\/index.php\/wp-json\/wp\/v2\/pages\/257\/revisions"}],"predecessor-version":[{"id":4565,"href":"https:\/\/realsekaarberg.ch\/index.php\/wp-json\/wp\/v2\/pages\/257\/revisions\/4565"}],"up":[{"embeddable":true,"href":"https:\/\/realsekaarberg.ch\/index.php\/wp-json\/wp\/v2\/pages\/104"}],"wp:attachment":[{"href":"https:\/\/realsekaarberg.ch\/index.php\/wp-json\/wp\/v2\/media?parent=257"}],"curies":[{"name":"wp","href":"https:\/\/api.w.org\/{rel}","templated":true}]}}