{"id":727,"date":"2020-12-17T12:29:31","date_gmt":"2020-12-17T12:29:31","guid":{"rendered":"https:\/\/tatjana-haeuselmann.ch\/real-sek-aarberg\/?page_id=727"},"modified":"2025-01-14T15:25:19","modified_gmt":"2025-01-14T15:25:19","slug":"verband","status":"publish","type":"page","link":"https:\/\/realsekaarberg.ch\/index.php\/verband-und-ehemalige\/verband\/","title":{"rendered":"Verband"},"content":{"rendered":"\t\t<div data-elementor-type=\"wp-page\" data-elementor-id=\"727\" class=\"elementor elementor-727\">\n\t\t\t\t\t\t<section class=\"elementor-section elementor-top-section elementor-element elementor-element-ccb70f9 elementor-section-boxed elementor-section-height-default elementor-section-height-default\" data-id=\"ccb70f9\" data-element_type=\"section\" data-e-type=\"section\">\n\t\t\t\t\t\t<div class=\"elementor-container elementor-column-gap-default\">\n\t\t\t\t\t<div class=\"elementor-column elementor-col-100 elementor-top-column elementor-element elementor-element-c596f3d\" data-id=\"c596f3d\" data-element_type=\"column\" data-e-type=\"column\">\n\t\t\t<div class=\"elementor-widget-wrap elementor-element-populated\">\n\t\t\t\t\t\t<div class=\"elementor-element elementor-element-5535aab elementor-widget elementor-widget-text-editor\" data-id=\"5535aab\" data-element_type=\"widget\" data-e-type=\"widget\" data-widget_type=\"text-editor.default\">\n\t\t\t\t<div class=\"elementor-widget-container\">\n\t\t\t\t\t\t\t\t\t<p>Die Real- und Sekundarschule wird vom <strong>Schulverband Aarberg<\/strong>\u00a0getragen (fr\u00fcher Sekundarschulverband). Der Verband hat f\u00fcr die Zusammenarbeit und finanziellen Abl\u00e4ufe ein <strong><a href=\"https:\/\/realsekaarberg.ch\/wp-content\/uploads\/2021\/08\/OGR_SV_Aarberg_2021.pdf\">Organisationsreglement<\/a><\/strong>. Zweimal j\u00e4hrlich findet die\u00a0<strong>Delegiertenversammlung<\/strong>\u00a0statt. Meistens nehmen die Bildungsgemeinder\u00e4te Einsitz in der\u00a0<strong>Verbandsschulkommission<\/strong>. Die Sekundarschule Aarberg wurde als 3. Sekundarschule des Kantons im Jahre\u00a0<strong>1834<\/strong> gegr\u00fcndet. Diese\u00a0<a href=\"https:\/\/realsekaarberg.ch\/wp-content\/uploads\/2020\/11\/statuten_sekschule_1833_uebersetzt.pdf\">Statuten<\/a> aus dem Gr\u00fcndungsjahr sind immer noch im Original vorhanden. Seither ist viel passiert, deshalb f\u00fchren wir eine <a href=\"https:\/\/realsekaarberg.ch\/wp-content\/uploads\/2020\/11\/Kurzabriss_Gs_Schule_24.pdf\">Kurzfassung der Geschichte der Schule<\/a> nach.<\/p>\n<p><!-- \/wp:paragraph --><!-- wp:image --><\/p>\n<figure class=\"wp-block-image\"><\/figure>\n<p><!-- \/wp:image --><!-- wp:heading --><\/p>\n<h2><img fetchpriority=\"high\" decoding=\"async\" class=\"alignnone size-full wp-image-588\" src=\"https:\/\/tatjana-haeuselmann.ch\/real-sek-aarberg\/wp-content\/uploads\/2020\/11\/7_Wappen.jpg\" alt=\"\" width=\"1100\" height=\"149\" \/><img decoding=\"async\" class=\"aligncenter wp-image-588 lazyload\" data-src=\"https:\/\/realsekaarberg.ch\/wp-content\/uploads\/2020\/11\/7_Wappen-300x48.jpg\" alt=\"\" width=\"500\" height=\"80\" data-srcset=\"https:\/\/realsekaarberg.ch\/wp-content\/uploads\/2020\/11\/7_Wappen-300x48.jpg 300w, https:\/\/realsekaarberg.ch\/wp-content\/uploads\/2020\/11\/7_Wappen-1024x165.jpg 1024w, https:\/\/realsekaarberg.ch\/wp-content\/uploads\/2020\/11\/7_Wappen-768x124.jpg 768w, https:\/\/realsekaarberg.ch\/wp-content\/uploads\/2020\/11\/7_Wappen-800x129.jpg 800w, https:\/\/realsekaarberg.ch\/wp-content\/uploads\/2020\/11\/7_Wappen.jpg 1100w\" data-sizes=\"(max-width: 500px) 100vw, 500px\" src=\"data:image\/svg+xml;base64,PHN2ZyB3aWR0aD0iMSIgaGVpZ2h0PSIxIiB4bWxucz0iaHR0cDovL3d3dy53My5vcmcvMjAwMC9zdmciPjwvc3ZnPg==\" style=\"--smush-placeholder-width: 500px; --smush-placeholder-aspect-ratio: 500\/80;\" \/><\/h2>\n<h2>Verbandsgemeinden<\/h2>\n<p><!-- \/wp:heading --><!-- wp:paragraph --><\/p>\n<p>Die\u00a0<strong>7 Verbandsgemeinden<\/strong> sind:<\/p>\n<ul>\n<li><a href=\"http:\/\/www.aarberg.ch\/\" target=\"_blank\" rel=\"noreferrer noopener\">Aarberg<\/a><\/li>\n<li><a href=\"http:\/\/www.bargen-be.ch\/\" target=\"_blank\" rel=\"noreferrer noopener\">Bargen<\/a><\/li>\n<li><a href=\"http:\/\/www.buehl.ch\/\" target=\"_blank\" rel=\"noreferrer noopener\">B\u00fchl<\/a><\/li>\n<li><a href=\"http:\/\/www.kappelen.ch\/\" target=\"_blank\" rel=\"noreferrer noopener\">Kappelen<\/a><\/li>\n<li><a href=\"http:\/\/www.radelfingen.ch\/\" target=\"_blank\" rel=\"noreferrer noopener\">Radelfingen<\/a><\/li>\n<li><a href=\"http:\/\/www.seedorf.ch\/\" target=\"_blank\" rel=\"noreferrer noopener\">Seedorf<\/a><\/li>\n<li><a href=\"http:\/\/www.walperswil.ch\/\" target=\"_blank\" rel=\"noreferrer noopener\">Walperswil<\/a><\/li>\n<\/ul>\n<p>Link zur\u00a0<a href=\"http:\/\/www.jgk.be.ch\/jgk\/de\/index\/gemeinden\/gemeinden\/gemeindedaten.html#middlePar_textbild\" target=\"_blank\" rel=\"noreferrer noopener\">Uebersicht der Gemeinden des Kantons Bern<\/a>\u00a0.<\/p>\n<p><!-- \/wp:paragraph --><!-- wp:heading --><\/p>\n<h2>Verbandskommission und Struktur<\/h2>\n<p><!-- \/wp:heading --><!-- wp:paragraph --><\/p>\n<p>Die\u00a0<strong>Verbandsschulkommission<\/strong>\u00a0regelt die Gesch\u00e4fte des Schulverbandes (Real- und Sekundarschule und die Lektionen im MR-Bereich, zB. Klassen mit besonderer F\u00f6rderung KbF oder Logop\u00e4die) im Auftrag der\u00a0<strong>Delegiertenversammlung<\/strong>\u00a0bzw. der Verbandsgemeinden.\u00a0<\/p>\n<p><strong>Pr\u00e4sident<\/strong> ist seit Januar 2025 Herr Peter Widmer, Aarberg, <a href=\"mailto:p.widmer@aarberg.ch\">p.widmer@aarberg.ch<\/a><\/p>\n<p><span style=\"font-size: 15px; letter-spacing: 0px;\">Das\u00a0<\/span><strong style=\"font-size: 15px; letter-spacing: 0px;\">Sekretariat<\/strong><span style=\"font-size: 15px; letter-spacing: 0px;\"> des Verbandes f\u00fchrt Frau Karin Rubin (vormittags),\u00a0<a href=\"mailto:sekretariat@realsekaarberg.ch\">sekretariat@realsekaarberg.ch<\/a>\u00a0oder 032 392 62 82. <\/span><\/p>\n<p><span style=\"font-size: 15px; letter-spacing: 0px;\">Die\u00a0<\/span><strong style=\"font-size: 15px; letter-spacing: 0px;\">Rechnungsf\u00fchrung<\/strong><span style=\"font-size: 15px; letter-spacing: 0px;\">\u00a0\u00fcbernimmt die Gemeinde Aarberg. Zust\u00e4ndig ist deren Finanzverwaltung, \u00a0<a href=\"mailto:finanz@aarberg.ch\">finanz@aarberg.ch<\/a>\u00a0oder 032 391 25 10<\/span><\/p>\n<p>Unsere\u00a0<a href=\"https:\/\/realsekaarberg.ch\/wp-content\/uploads\/2020\/08\/Verbandsstruktur_25.pdf\">Schulstruktur<\/a>\u00a0zum Downloaden.<\/p>\n<p><!-- \/wp:list --><\/p>\n<p>\u00a0<\/p>\t\t\t\t\t\t\t\t<\/div>\n\t\t\t\t<\/div>\n\t\t\t\t\t<\/div>\n\t\t<\/div>\n\t\t\t\t\t<\/div>\n\t\t<\/section>\n\t\t\t\t<\/div>\n\t\t","protected":false},"excerpt":{"rendered":"<p>Die Real- und Sekundarschule wird vom Schulverband Aarberg\u00a0getragen (fr\u00fcher Sekundarschulverband). Der Verband hat f\u00fcr die Zusammenarbeit und finanziellen Abl\u00e4ufe ein Organisationsreglement. Zweimal j\u00e4hrlich findet die\u00a0Delegiertenversammlung\u00a0statt. Meistens nehmen die Bildungsgemeinder\u00e4te Einsitz in der\u00a0Verbandsschulkommission. Die Sekundarschule Aarberg wurde als 3. Sekundarschule des Kantons im Jahre\u00a01834 gegr\u00fcndet. Diese\u00a0Statuten aus dem Gr\u00fcndungsjahr sind immer noch im Original vorhanden. Seither ist viel passiert, deshalb f\u00fchren wir eine Kurzfassung der Geschichte der Schule nach. Verbandsgemeinden Die\u00a07 Verbandsgemeinden sind: Aarberg Bargen B\u00fchl Kappelen Radelfingen Seedorf Walperswil Link zur\u00a0Uebersicht der Gemeinden des Kantons Bern\u00a0. Verbandskommission und Struktur Die\u00a0Verbandsschulkommission\u00a0regelt die Gesch\u00e4fte des Schulverbandes (Real- und Sekundarschule und die Lektionen im MR-Bereich, zB. Klassen mit besonderer F\u00f6rderung KbF oder Logop\u00e4die) im Auftrag der\u00a0Delegiertenversammlung\u00a0bzw. der Verbandsgemeinden.\u00a0 Pr\u00e4sident ist seit Januar 2025 Herr Peter Widmer, Aarberg, p.widmer@aarberg.ch Das\u00a0Sekretariat des Verbandes f\u00fchrt Frau Karin Rubin (vormittags),\u00a0sekretariat@realsekaarberg.ch\u00a0oder 032 392 62 82. Die\u00a0Rechnungsf\u00fchrung\u00a0\u00fcbernimmt die Gemeinde Aarberg. Zust\u00e4ndig ist deren Finanzverwaltung, \u00a0finanz@aarberg.ch\u00a0oder 032 391 25 10 Unsere\u00a0Schulstruktur\u00a0zum Downloaden. \u00a0<\/p>\n","protected":false},"author":1,"featured_media":0,"parent":29,"menu_order":0,"comment_status":"closed","ping_status":"closed","template":"","meta":{"footnotes":""},"class_list":["post-727","page","type-page","status-publish","hentry"],"_links":{"self":[{"href":"https:\/\/realsekaarberg.ch\/index.php\/wp-json\/wp\/v2\/pages\/727","targetHints":{"allow":["GET"]}}],"collection":[{"href":"https:\/\/realsekaarberg.ch\/index.php\/wp-json\/wp\/v2\/pages"}],"about":[{"href":"https:\/\/realsekaarberg.ch\/index.php\/wp-json\/wp\/v2\/types\/page"}],"author":[{"embeddable":true,"href":"https:\/\/realsekaarberg.ch\/index.php\/wp-json\/wp\/v2\/users\/1"}],"replies":[{"embeddable":true,"href":"https:\/\/realsekaarberg.ch\/index.php\/wp-json\/wp\/v2\/comments?post=727"}],"version-history":[{"count":54,"href":"https:\/\/realsekaarberg.ch\/index.php\/wp-json\/wp\/v2\/pages\/727\/revisions"}],"predecessor-version":[{"id":3943,"href":"https:\/\/realsekaarberg.ch\/index.php\/wp-json\/wp\/v2\/pages\/727\/revisions\/3943"}],"up":[{"embeddable":true,"href":"https:\/\/realsekaarberg.ch\/index.php\/wp-json\/wp\/v2\/pages\/29"}],"wp:attachment":[{"href":"https:\/\/realsekaarberg.ch\/index.php\/wp-json\/wp\/v2\/media?parent=727"}],"curies":[{"name":"wp","href":"https:\/\/api.w.org\/{rel}","templated":true}]}}