{"id":75,"date":"2020-08-18T18:57:35","date_gmt":"2020-08-18T18:57:35","guid":{"rendered":"https:\/\/tatjana-haeuselmann.ch\/real-sek-aarberg\/?page_id=75"},"modified":"2020-12-31T09:43:16","modified_gmt":"2020-12-31T09:43:16","slug":"mediation","status":"publish","type":"page","link":"https:\/\/realsekaarberg.ch\/index.php\/projekte\/mediation\/","title":{"rendered":"Mediation"},"content":{"rendered":"\t\t<div data-elementor-type=\"wp-page\" data-elementor-id=\"75\" class=\"elementor elementor-75\">\n\t\t\t\t\t\t<section class=\"elementor-section elementor-top-section elementor-element elementor-element-21918f34 elementor-section-boxed elementor-section-height-default elementor-section-height-default\" data-id=\"21918f34\" data-element_type=\"section\" data-e-type=\"section\">\n\t\t\t\t\t\t<div class=\"elementor-container elementor-column-gap-default\">\n\t\t\t\t\t<div class=\"elementor-column elementor-col-100 elementor-top-column elementor-element elementor-element-216a8130\" data-id=\"216a8130\" data-element_type=\"column\" data-e-type=\"column\">\n\t\t\t<div class=\"elementor-widget-wrap elementor-element-populated\">\n\t\t\t\t\t\t<div class=\"elementor-element elementor-element-e9b99ec elementor-widget elementor-widget-image\" data-id=\"e9b99ec\" data-element_type=\"widget\" data-e-type=\"widget\" data-widget_type=\"image.default\">\n\t\t\t\t<div class=\"elementor-widget-container\">\n\t\t\t\t\t\t\t\t\t\t\t\t\t\t\t<img fetchpriority=\"high\" decoding=\"async\" width=\"1024\" height=\"237\" src=\"https:\/\/realsekaarberg.ch\/wp-content\/uploads\/2020\/11\/Mediation-1024x237.jpg\" class=\"attachment-large size-large wp-image-370\" alt=\"\" srcset=\"https:\/\/realsekaarberg.ch\/wp-content\/uploads\/2020\/11\/Mediation-1024x237.jpg 1024w, https:\/\/realsekaarberg.ch\/wp-content\/uploads\/2020\/11\/Mediation-300x70.jpg 300w, https:\/\/realsekaarberg.ch\/wp-content\/uploads\/2020\/11\/Mediation-768x178.jpg 768w, https:\/\/realsekaarberg.ch\/wp-content\/uploads\/2020\/11\/Mediation-800x185.jpg 800w, https:\/\/realsekaarberg.ch\/wp-content\/uploads\/2020\/11\/Mediation.jpg 1100w\" sizes=\"(max-width: 1024px) 100vw, 1024px\" \/>\t\t\t\t\t\t\t\t\t\t\t\t\t\t\t<\/div>\n\t\t\t\t<\/div>\n\t\t\t\t<div class=\"elementor-element elementor-element-7367e1cf elementor-widget elementor-widget-text-editor\" data-id=\"7367e1cf\" data-element_type=\"widget\" data-e-type=\"widget\" data-widget_type=\"text-editor.default\">\n\t\t\t\t<div class=\"elementor-widget-container\">\n\t\t\t\t\t\t\t\t\t<p><\/p>\n<p>Im Rahmen des freiwilligen Unterrichtsangebotes bilden wir Streitschlichterinnen und Streitschlichter aus.<\/p>\n<p><\/p>\n<p><\/p>\n<p>Generell werden gewisse Inhalte zum Thema &#171;Mediation&#187; mit allen Sch\u00fclerinnen und Sch\u00fclern im Unterricht behandelt.<br \/>Bei Konflikten k\u00f6nnen sich die Parteien direkt an die ausgebildeten Mediatorinnen und Mediatoren wenden oder auch via Klassenlehrkr\u00e4fte einen Kontakt erstellen. Die Mediation laufen nach gleichem\u00a0<a href=\"https:\/\/realsekaarberg.ch\/wp-content\/uploads\/2020\/12\/Ablauf_Mediation.pdf\" target=\"_blank\" rel=\"noreferrer noopener\">Schema<\/a>\u00a0ab.\u00a0<\/p>\n<p><\/p>\t\t\t\t\t\t\t\t<\/div>\n\t\t\t\t<\/div>\n\t\t\t\t<div class=\"elementor-element elementor-element-8e60a6e elementor-widget elementor-widget-spacer\" data-id=\"8e60a6e\" data-element_type=\"widget\" data-e-type=\"widget\" data-widget_type=\"spacer.default\">\n\t\t\t\t<div class=\"elementor-widget-container\">\n\t\t\t\t\t\t\t<div class=\"elementor-spacer\">\n\t\t\t<div class=\"elementor-spacer-inner\"><\/div>\n\t\t<\/div>\n\t\t\t\t\t\t<\/div>\n\t\t\t\t<\/div>\n\t\t\t\t\t<\/div>\n\t\t<\/div>\n\t\t\t\t\t<\/div>\n\t\t<\/section>\n\t\t\t\t<\/div>\n\t\t","protected":false},"excerpt":{"rendered":"<p>Im Rahmen des freiwilligen Unterrichtsangebotes bilden wir Streitschlichterinnen und Streitschlichter aus. Generell werden gewisse Inhalte zum Thema &#171;Mediation&#187; mit allen Sch\u00fclerinnen und Sch\u00fclern im Unterricht behandelt.Bei Konflikten k\u00f6nnen sich die Parteien direkt an die ausgebildeten Mediatorinnen und Mediatoren wenden oder auch via Klassenlehrkr\u00e4fte einen Kontakt erstellen. Die Mediation laufen nach gleichem\u00a0Schema\u00a0ab.\u00a0<\/p>\n","protected":false},"author":1,"featured_media":0,"parent":7,"menu_order":0,"comment_status":"closed","ping_status":"closed","template":"","meta":{"footnotes":""},"class_list":["post-75","page","type-page","status-publish","hentry"],"_links":{"self":[{"href":"https:\/\/realsekaarberg.ch\/index.php\/wp-json\/wp\/v2\/pages\/75","targetHints":{"allow":["GET"]}}],"collection":[{"href":"https:\/\/realsekaarberg.ch\/index.php\/wp-json\/wp\/v2\/pages"}],"about":[{"href":"https:\/\/realsekaarberg.ch\/index.php\/wp-json\/wp\/v2\/types\/page"}],"author":[{"embeddable":true,"href":"https:\/\/realsekaarberg.ch\/index.php\/wp-json\/wp\/v2\/users\/1"}],"replies":[{"embeddable":true,"href":"https:\/\/realsekaarberg.ch\/index.php\/wp-json\/wp\/v2\/comments?post=75"}],"version-history":[{"count":17,"href":"https:\/\/realsekaarberg.ch\/index.php\/wp-json\/wp\/v2\/pages\/75\/revisions"}],"predecessor-version":[{"id":925,"href":"https:\/\/realsekaarberg.ch\/index.php\/wp-json\/wp\/v2\/pages\/75\/revisions\/925"}],"up":[{"embeddable":true,"href":"https:\/\/realsekaarberg.ch\/index.php\/wp-json\/wp\/v2\/pages\/7"}],"wp:attachment":[{"href":"https:\/\/realsekaarberg.ch\/index.php\/wp-json\/wp\/v2\/media?parent=75"}],"curies":[{"name":"wp","href":"https:\/\/api.w.org\/{rel}","templated":true}]}}