{"id":83,"date":"2020-08-18T19:06:26","date_gmt":"2020-08-18T19:06:26","guid":{"rendered":"https:\/\/tatjana-haeuselmann.ch\/real-sek-aarberg\/?page_id=83"},"modified":"2023-03-14T17:06:02","modified_gmt":"2023-03-14T17:06:02","slug":"lift","status":"publish","type":"page","link":"https:\/\/realsekaarberg.ch\/index.php\/projekte\/lift\/","title":{"rendered":"LIFT"},"content":{"rendered":"\t\t<div data-elementor-type=\"wp-page\" data-elementor-id=\"83\" class=\"elementor elementor-83\">\n\t\t\t\t\t\t<section class=\"elementor-section elementor-top-section elementor-element elementor-element-210dd4fb elementor-section-boxed elementor-section-height-default elementor-section-height-default\" data-id=\"210dd4fb\" data-element_type=\"section\" data-e-type=\"section\">\n\t\t\t\t\t\t<div class=\"elementor-container elementor-column-gap-default\">\n\t\t\t\t\t<div class=\"elementor-column elementor-col-100 elementor-top-column elementor-element elementor-element-6e8a51a\" data-id=\"6e8a51a\" data-element_type=\"column\" data-e-type=\"column\">\n\t\t\t<div class=\"elementor-widget-wrap elementor-element-populated\">\n\t\t\t\t\t\t<div class=\"elementor-element elementor-element-3a117582 elementor-widget elementor-widget-text-editor\" data-id=\"3a117582\" data-element_type=\"widget\" data-e-type=\"widget\" data-widget_type=\"text-editor.default\">\n\t\t\t\t<div class=\"elementor-widget-container\">\n\t\t\t\t\t\t\t\t\t<p><\/p>\n<p>Mit diesem Projekt m\u00f6chten wir unseren Jugendlichen ab der 7. Klasse die sp\u00e4tere Integration in die Arbeitswelt erleichtern. Die Anmeldungen erfolgen auf Initiative der Klassenlehrkr\u00e4fte. Die KJFS in Lyss hilft bei der Vermittlung von &#171;gew\u00f6hnlichen&#187; Wochenarbeitspl\u00e4tzen.<\/p>\n<p><img fetchpriority=\"high\" decoding=\"async\" class=\"alignnone size-full wp-image-374\" src=\"https:\/\/tatjana-haeuselmann.ch\/real-sek-aarberg\/wp-content\/uploads\/2020\/11\/LIFT.jpg\" alt=\"\" width=\"1100\" height=\"193\" srcset=\"https:\/\/realsekaarberg.ch\/wp-content\/uploads\/2020\/11\/LIFT.jpg 1100w, https:\/\/realsekaarberg.ch\/wp-content\/uploads\/2020\/11\/LIFT-300x53.jpg 300w, https:\/\/realsekaarberg.ch\/wp-content\/uploads\/2020\/11\/LIFT-1024x180.jpg 1024w, https:\/\/realsekaarberg.ch\/wp-content\/uploads\/2020\/11\/LIFT-768x135.jpg 768w, https:\/\/realsekaarberg.ch\/wp-content\/uploads\/2020\/11\/LIFT-800x140.jpg 800w\" sizes=\"(max-width: 1100px) 100vw, 1100px\" \/><\/p>\n<p><\/p>\n<p><\/p>\n<p><\/p>\n<p>\u00a0<\/p>\n<p>Mit diesem Projekt m\u00f6chten wir unseren Jugendlichen ab der 7. Klasse die sp\u00e4tere Integration in die Arbeitswelt erleichtern.<br \/>Kernelement sind regelm\u00e4ssige Kurzeins\u00e4tze, sogenannte \u201eWochenarbeitspl\u00e4tze\u201c, in Gewerbebetrieben der Region. Die Eins\u00e4tze in den lokalen Betrieben erfolgen auf freiwilliger Basis in der schulfreien Zeit.<br \/>Die Jugendlichen werden durch unsere zust\u00e4ndigen Lehrpersonen nach LIFT-Kriterien selektioniert und anschliessend gut auf ihre Eins\u00e4tze in den Betrieben vorbereitet und nach Bedarf begleitet.<br \/>Die Organisation erfolgt durch unsere Schule zusammen mit den entsprechenden Betrieben. Die Erziehungsdirektion und der Schulverband Aarberg unterst\u00fctzen finanziell. Wir werden zudem durch die Gesch\u00e4ftsstelle LIFT begleitet (Kurse, Planungshilfen usw.).<\/p>\n<p>Folgende Aarberger Betriebe machen beim Projekt LIFT mit (Stand 3\/23):<\/p>\n<p>\u00a0<\/p>\n<ul>\n<li><strong>Schweizer Zucker AG<\/strong>, Aarberg<\/li>\n<li><strong>Bangerter Microtechnik<\/strong>, Aarberg<\/li>\n<li><strong>Kirchgemeinde\u00a0<\/strong><b>Aarberg<\/b><\/li>\n<li><strong>Restaurant Mercato<\/strong>, Aarberg<\/li>\n<li><strong>Reinhard Nutzfahrzeuge AG<\/strong>, Kallnach<\/li>\n<\/ul>\n<p>Mehr unter: <a href=\"http:\/\/jugendprojekt-lift.ch\/was-ist-lift\/\" target=\"_blank\" rel=\"noreferrer noopener\">jugendprojekt-lift.ch\/was-ist-lift<\/a><\/p>\n<p><\/p>\t\t\t\t\t\t\t\t<\/div>\n\t\t\t\t<\/div>\n\t\t\t\t\t<\/div>\n\t\t<\/div>\n\t\t\t\t\t<\/div>\n\t\t<\/section>\n\t\t\t\t<\/div>\n\t\t","protected":false},"excerpt":{"rendered":"<p>Mit diesem Projekt m\u00f6chten wir unseren Jugendlichen ab der 7. Klasse die sp\u00e4tere Integration in die Arbeitswelt erleichtern. Die Anmeldungen erfolgen auf Initiative der Klassenlehrkr\u00e4fte. Die KJFS in Lyss hilft bei der Vermittlung von &#171;gew\u00f6hnlichen&#187; Wochenarbeitspl\u00e4tzen. \u00a0 Mit diesem Projekt m\u00f6chten wir unseren Jugendlichen ab der 7. Klasse die sp\u00e4tere Integration in die Arbeitswelt erleichtern.Kernelement sind regelm\u00e4ssige Kurzeins\u00e4tze, sogenannte \u201eWochenarbeitspl\u00e4tze\u201c, in Gewerbebetrieben der Region. Die Eins\u00e4tze in den lokalen Betrieben erfolgen auf freiwilliger Basis in der schulfreien Zeit.Die Jugendlichen werden durch unsere zust\u00e4ndigen Lehrpersonen nach LIFT-Kriterien selektioniert und anschliessend gut auf ihre Eins\u00e4tze in den Betrieben vorbereitet und nach Bedarf begleitet.Die Organisation erfolgt durch unsere Schule zusammen mit den entsprechenden Betrieben. Die Erziehungsdirektion und der Schulverband Aarberg unterst\u00fctzen finanziell. Wir werden zudem durch die Gesch\u00e4ftsstelle LIFT begleitet (Kurse, Planungshilfen usw.). Folgende Aarberger Betriebe machen beim Projekt LIFT mit (Stand 3\/23): \u00a0 Schweizer Zucker AG, Aarberg Bangerter Microtechnik, Aarberg Kirchgemeinde\u00a0Aarberg Restaurant Mercato, Aarberg Reinhard Nutzfahrzeuge AG, Kallnach Mehr unter: jugendprojekt-lift.ch\/was-ist-lift<\/p>\n","protected":false},"author":1,"featured_media":0,"parent":7,"menu_order":0,"comment_status":"closed","ping_status":"closed","template":"","meta":{"footnotes":""},"class_list":["post-83","page","type-page","status-publish","hentry"],"_links":{"self":[{"href":"https:\/\/realsekaarberg.ch\/index.php\/wp-json\/wp\/v2\/pages\/83","targetHints":{"allow":["GET"]}}],"collection":[{"href":"https:\/\/realsekaarberg.ch\/index.php\/wp-json\/wp\/v2\/pages"}],"about":[{"href":"https:\/\/realsekaarberg.ch\/index.php\/wp-json\/wp\/v2\/types\/page"}],"author":[{"embeddable":true,"href":"https:\/\/realsekaarberg.ch\/index.php\/wp-json\/wp\/v2\/users\/1"}],"replies":[{"embeddable":true,"href":"https:\/\/realsekaarberg.ch\/index.php\/wp-json\/wp\/v2\/comments?post=83"}],"version-history":[{"count":24,"href":"https:\/\/realsekaarberg.ch\/index.php\/wp-json\/wp\/v2\/pages\/83\/revisions"}],"predecessor-version":[{"id":2709,"href":"https:\/\/realsekaarberg.ch\/index.php\/wp-json\/wp\/v2\/pages\/83\/revisions\/2709"}],"up":[{"embeddable":true,"href":"https:\/\/realsekaarberg.ch\/index.php\/wp-json\/wp\/v2\/pages\/7"}],"wp:attachment":[{"href":"https:\/\/realsekaarberg.ch\/index.php\/wp-json\/wp\/v2\/media?parent=83"}],"curies":[{"name":"wp","href":"https:\/\/api.w.org\/{rel}","templated":true}]}}