{"id":839,"date":"2020-12-31T08:54:19","date_gmt":"2020-12-31T08:54:19","guid":{"rendered":"https:\/\/realsekaarberg.ch\/?page_id=839"},"modified":"2026-04-17T11:48:17","modified_gmt":"2026-04-17T11:48:17","slug":"ferienplan-halbtage","status":"publish","type":"page","link":"https:\/\/realsekaarberg.ch\/index.php\/termine-unterricht\/ferienplan-halbtage\/","title":{"rendered":"Ferienplan\/ Halbtage"},"content":{"rendered":"\t\t<div data-elementor-type=\"wp-page\" data-elementor-id=\"839\" class=\"elementor elementor-839\">\n\t\t\t\t\t\t<section class=\"elementor-section elementor-top-section elementor-element elementor-element-50937181 elementor-section-boxed elementor-section-height-default elementor-section-height-default\" data-id=\"50937181\" data-element_type=\"section\" data-e-type=\"section\">\n\t\t\t\t\t\t<div class=\"elementor-container elementor-column-gap-default\">\n\t\t\t\t\t<div class=\"elementor-column elementor-col-100 elementor-top-column elementor-element elementor-element-6b8bdf26\" data-id=\"6b8bdf26\" data-element_type=\"column\" data-e-type=\"column\">\n\t\t\t<div class=\"elementor-widget-wrap elementor-element-populated\">\n\t\t\t\t\t\t<div class=\"elementor-element elementor-element-57d38446 elementor-widget elementor-widget-text-editor\" data-id=\"57d38446\" data-element_type=\"widget\" data-e-type=\"widget\" data-widget_type=\"text-editor.default\">\n\t\t\t\t<div class=\"elementor-widget-container\">\n\t\t\t\t\t\t\t\t\t<h1>Ferienplan und freie Halbtage, <em>besondere Anl\u00e4sse<\/em><\/h1>\n<!-- \/wp:post-content --><!-- wp:paragraph -->\n<p><br \/><b>Fr\u00fchlingsferien 26 Fr 3.4. &#8211; So 19.4.26<\/b> <br \/><i>Auffahrtsbr\u00fccke Do 14.5. &#8211; So 17.5.26<\/i> <br \/><i>Weiterbildung Lehrpersonen <strong>Mi, 20.5.2026, <\/strong>unterrichtsfrei<br \/><\/i><span style=\"font-size: 1rem;\">Sporttag: Di, 2.6.2026<\/span><\/p>\n<p>Schlusswoche mit Spezialstundenplan: Mo, 29.6. bis Do, 2.7.2026<\/p>\n<p><b>Sommerferien 26 Fr 3.7. &#8211; So 9.8.26<\/b> <br \/>Kurs-\/Klassenwochen Mo 7.9. \u2013 Fr 11.9.26 <br \/><b>Herbstferien 26 Sa 19.9. &#8211; So 11.10.26 <br \/><\/b> <b>Winterferien 26\/27 Do 24.12.26 &#8211; So 10.1.27<\/b> <br \/>Kurs-\/Klassenwochen Mo 22.2. \u2013 Fr 26.2.27 <br \/><b>Sportferien 27 Sa 27.2. &#8211; So 7.3.27<\/b> <br \/><b>Fr\u00fchlingsferien 27 Sa 10.4. &#8211; So 25.4.27<\/b> <br \/><b>Sommerferien 27 Fr 2.7. &#8211; So 15.8.27<\/b> <br \/>Die Ferien liegen gem\u00e4ss dem im Infoblatt\u00a0publizierten Raster (erh\u00e4ltlich im Downloadbereich)<\/p>\t\t\t\t\t\t\t\t<\/div>\n\t\t\t\t<\/div>\n\t\t\t\t\t<\/div>\n\t\t<\/div>\n\t\t\t\t\t<\/div>\n\t\t<\/section>\n\t\t\t\t<\/div>\n\t\t","protected":false},"excerpt":{"rendered":"<p>Ferienplan und freie Halbtage, besondere Anl\u00e4sse Fr\u00fchlingsferien 26 Fr 3.4. &#8211; So 19.4.26 Auffahrtsbr\u00fccke Do 14.5. &#8211; So 17.5.26 Weiterbildung Lehrpersonen Mi, 20.5.2026, unterrichtsfreiSporttag: Di, 2.6.2026 Schlusswoche mit Spezialstundenplan: Mo, 29.6. bis Do, 2.7.2026 Sommerferien 26 Fr 3.7. &#8211; So 9.8.26 Kurs-\/Klassenwochen Mo 7.9. \u2013 Fr 11.9.26 Herbstferien 26 Sa 19.9. &#8211; So 11.10.26 Winterferien 26\/27 Do 24.12.26 &#8211; So 10.1.27 Kurs-\/Klassenwochen Mo 22.2. \u2013 Fr 26.2.27 Sportferien 27 Sa 27.2. &#8211; So 7.3.27 Fr\u00fchlingsferien 27 Sa 10.4. &#8211; So 25.4.27 Sommerferien 27 Fr 2.7. &#8211; So 15.8.27 Die Ferien liegen gem\u00e4ss dem im Infoblatt\u00a0publizierten Raster (erh\u00e4ltlich im Downloadbereich)<\/p>\n","protected":false},"author":1,"featured_media":0,"parent":27,"menu_order":0,"comment_status":"closed","ping_status":"closed","template":"","meta":{"footnotes":""},"class_list":["post-839","page","type-page","status-publish","hentry"],"_links":{"self":[{"href":"https:\/\/realsekaarberg.ch\/index.php\/wp-json\/wp\/v2\/pages\/839","targetHints":{"allow":["GET"]}}],"collection":[{"href":"https:\/\/realsekaarberg.ch\/index.php\/wp-json\/wp\/v2\/pages"}],"about":[{"href":"https:\/\/realsekaarberg.ch\/index.php\/wp-json\/wp\/v2\/types\/page"}],"author":[{"embeddable":true,"href":"https:\/\/realsekaarberg.ch\/index.php\/wp-json\/wp\/v2\/users\/1"}],"replies":[{"embeddable":true,"href":"https:\/\/realsekaarberg.ch\/index.php\/wp-json\/wp\/v2\/comments?post=839"}],"version-history":[{"count":266,"href":"https:\/\/realsekaarberg.ch\/index.php\/wp-json\/wp\/v2\/pages\/839\/revisions"}],"predecessor-version":[{"id":4643,"href":"https:\/\/realsekaarberg.ch\/index.php\/wp-json\/wp\/v2\/pages\/839\/revisions\/4643"}],"up":[{"embeddable":true,"href":"https:\/\/realsekaarberg.ch\/index.php\/wp-json\/wp\/v2\/pages\/27"}],"wp:attachment":[{"href":"https:\/\/realsekaarberg.ch\/index.php\/wp-json\/wp\/v2\/media?parent=839"}],"curies":[{"name":"wp","href":"https:\/\/api.w.org\/{rel}","templated":true}]}}