{"id":841,"date":"2020-12-31T08:54:46","date_gmt":"2020-12-31T08:54:46","guid":{"rendered":"https:\/\/realsekaarberg.ch\/?page_id=841"},"modified":"2025-05-16T09:53:43","modified_gmt":"2025-05-16T09:53:43","slug":"mittagstisch","status":"publish","type":"page","link":"https:\/\/realsekaarberg.ch\/index.php\/termine-unterricht\/mittagstisch\/","title":{"rendered":"Mittagstisch"},"content":{"rendered":"\t\t<div data-elementor-type=\"wp-page\" data-elementor-id=\"841\" class=\"elementor elementor-841\">\n\t\t\t\t\t\t<section class=\"elementor-section elementor-top-section elementor-element elementor-element-f32e2be elementor-section-boxed elementor-section-height-default elementor-section-height-default\" data-id=\"f32e2be\" data-element_type=\"section\" data-e-type=\"section\">\n\t\t\t\t\t\t<div class=\"elementor-container elementor-column-gap-default\">\n\t\t\t\t\t<div class=\"elementor-column elementor-col-100 elementor-top-column elementor-element elementor-element-ad91739\" data-id=\"ad91739\" data-element_type=\"column\" data-e-type=\"column\">\n\t\t\t<div class=\"elementor-widget-wrap elementor-element-populated\">\n\t\t\t\t\t\t<div class=\"elementor-element elementor-element-4afe9c2 elementor-widget elementor-widget-text-editor\" data-id=\"4afe9c2\" data-element_type=\"widget\" data-e-type=\"widget\" data-widget_type=\"text-editor.default\">\n\t\t\t\t<div class=\"elementor-widget-container\">\n\t\t\t\t\t\t\t\t\t<p>\u00a0<\/p>\n<h2><img fetchpriority=\"high\" decoding=\"async\" src=\"https:\/\/tatjana-haeuselmann.ch\/real-sek-aarberg\/wp-content\/uploads\/2020\/11\/Steinfigur_2.jpg\" alt=\"\" width=\"1100\" height=\"153\" \/><\/h2>\n<h1>Mittagstisch und Tagesschule<\/h1>\n<p><!-- \/wp:heading --><!-- wp:paragraph --><\/p>\n<p>Die Gemeinde Aarberg bietet seit August 2010 eine Tagesschule mit verschiedenen Betreuungs-Modulen und auch Mittagstische an (jeweilige Genehmigungen durch den Gemeinderat, sowie das Erreichen der Mindestgruppengr\u00f6ssen immer vorbehalten).<\/p>\n<p><!-- \/wp:paragraph --><!-- wp:image --><\/p>\n<p><!-- \/wp:image --><!-- wp:paragraph --><\/p>\n<p>Das Angebot steht auch den Sch\u00fclerinnen und Sch\u00fclern der Oberstufe Aarberg zur Verf\u00fcgung. Wir halten interessierte Eltern auf dem Laufenden. Die Eltern von k\u00fcnftigen Sch\u00fclerinnen und Sch\u00fcler der 7. Klassen werden alle per Briefpost Ende Mai informiert. Erst dann k\u00f6nnen wir die Rahmenbedingungen des neuen Stundenplanes einigermassen sicher bekannt geben.<\/p>\n<p>Die aktuellsten\u00a0<strong>Anmeldeformulare<\/strong>\u00a0und Adressen sind auf der\u00a0<a href=\"https:\/\/primaarberg.ch\/tagesschule\/allgemeine-infos.php\" target=\"_blank\" rel=\"noreferrer noopener\">Homepage der Primarschule Aarberg<\/a> aufgeschaltet.<\/p>\n<p>\u00a0<\/p>\t\t\t\t\t\t\t\t<\/div>\n\t\t\t\t<\/div>\n\t\t\t\t\t<\/div>\n\t\t<\/div>\n\t\t\t\t\t<\/div>\n\t\t<\/section>\n\t\t\t\t<\/div>\n\t\t","protected":false},"excerpt":{"rendered":"<p>\u00a0 Mittagstisch und Tagesschule Die Gemeinde Aarberg bietet seit August 2010 eine Tagesschule mit verschiedenen Betreuungs-Modulen und auch Mittagstische an (jeweilige Genehmigungen durch den Gemeinderat, sowie das Erreichen der Mindestgruppengr\u00f6ssen immer vorbehalten). Das Angebot steht auch den Sch\u00fclerinnen und Sch\u00fclern der Oberstufe Aarberg zur Verf\u00fcgung. Wir halten interessierte Eltern auf dem Laufenden. Die Eltern von k\u00fcnftigen Sch\u00fclerinnen und Sch\u00fcler der 7. Klassen werden alle per Briefpost Ende Mai informiert. Erst dann k\u00f6nnen wir die Rahmenbedingungen des neuen Stundenplanes einigermassen sicher bekannt geben. Die aktuellsten\u00a0Anmeldeformulare\u00a0und Adressen sind auf der\u00a0Homepage der Primarschule Aarberg aufgeschaltet. \u00a0<\/p>\n","protected":false},"author":1,"featured_media":0,"parent":27,"menu_order":0,"comment_status":"closed","ping_status":"closed","template":"","meta":{"footnotes":""},"class_list":["post-841","page","type-page","status-publish","hentry"],"_links":{"self":[{"href":"https:\/\/realsekaarberg.ch\/index.php\/wp-json\/wp\/v2\/pages\/841","targetHints":{"allow":["GET"]}}],"collection":[{"href":"https:\/\/realsekaarberg.ch\/index.php\/wp-json\/wp\/v2\/pages"}],"about":[{"href":"https:\/\/realsekaarberg.ch\/index.php\/wp-json\/wp\/v2\/types\/page"}],"author":[{"embeddable":true,"href":"https:\/\/realsekaarberg.ch\/index.php\/wp-json\/wp\/v2\/users\/1"}],"replies":[{"embeddable":true,"href":"https:\/\/realsekaarberg.ch\/index.php\/wp-json\/wp\/v2\/comments?post=841"}],"version-history":[{"count":7,"href":"https:\/\/realsekaarberg.ch\/index.php\/wp-json\/wp\/v2\/pages\/841\/revisions"}],"predecessor-version":[{"id":4058,"href":"https:\/\/realsekaarberg.ch\/index.php\/wp-json\/wp\/v2\/pages\/841\/revisions\/4058"}],"up":[{"embeddable":true,"href":"https:\/\/realsekaarberg.ch\/index.php\/wp-json\/wp\/v2\/pages\/27"}],"wp:attachment":[{"href":"https:\/\/realsekaarberg.ch\/index.php\/wp-json\/wp\/v2\/media?parent=841"}],"curies":[{"name":"wp","href":"https:\/\/api.w.org\/{rel}","templated":true}]}}

<div data-elementor-type="wp-page" data-elementor-id="841" class="elementor elementor-841">
						<section class="elementor-section elementor-top-section elementor-element elementor-element-f32e2be elementor-section-boxed elementor-section-height-default elementor-section-height-default" data-id="f32e2be" data-element_type="section" data-e-type="section">
						<div class="elementor-container elementor-column-gap-default">
					<div class="elementor-column elementor-col-100 elementor-top-column elementor-element elementor-element-ad91739" data-id="ad91739" data-element_type="column" data-e-type="column">
			<div class="elementor-widget-wrap elementor-element-populated">
						<div class="elementor-element elementor-element-4afe9c2 elementor-widget elementor-widget-text-editor" data-id="4afe9c2" data-element_type="widget" data-e-type="widget" data-widget_type="text-editor.default">
				<div class="elementor-widget-container">
									<p> </p>
<h2><img fetchpriority="high" decoding="async" src="https://tatjana-haeuselmann.ch/real-sek-aarberg/wp-content/uploads/2020/11/Steinfigur_2.jpg" alt="" width="1100" height="153" /></h2>
<h1>Mittagstisch und Tagesschule</h1>
<p><!-- /wp:heading --><!-- wp:paragraph --></p>
<p>Die Gemeinde Aarberg bietet seit August 2010 eine Tagesschule mit verschiedenen Betreuungs-Modulen und auch Mittagstische an (jeweilige Genehmigungen durch den Gemeinderat, sowie das Erreichen der Mindestgruppengrössen immer vorbehalten).</p>
<p><!-- /wp:paragraph --><!-- wp:image --></p>
<p><!-- /wp:image --><!-- wp:paragraph --></p>
<p>Das Angebot steht auch den Schülerinnen und Schülern der Oberstufe Aarberg zur Verfügung. Wir halten interessierte Eltern auf dem Laufenden. Die Eltern von künftigen Schülerinnen und Schüler der 7. Klassen werden alle per Briefpost Ende Mai informiert. Erst dann können wir die Rahmenbedingungen des neuen Stundenplanes einigermassen sicher bekannt geben.</p>
<p>Die aktuellsten <strong>Anmeldeformulare</strong> und Adressen sind auf der <a href="https://primaarberg.ch/tagesschule/allgemeine-infos.php" target="_blank" rel="noreferrer noopener">Homepage der Primarschule Aarberg</a> aufgeschaltet.</p>
<p> </p>								</div>
				</div>
					</div>
		</div>
					</div>
		</section>
				</div>

<p>  Mittagstisch und Tagesschule Die Gemeinde Aarberg bietet seit August 2010 eine Tagesschule mit verschiedenen Betreuungs-Modulen und auch Mittagstische an (jeweilige Genehmigungen durch den Gemeinderat, sowie das Erreichen der Mindestgruppengrössen immer vorbehalten). Das Angebot steht auch den Schülerinnen und Schülern der Oberstufe Aarberg zur Verfügung. Wir halten interessierte Eltern auf dem Laufenden. Die Eltern von künftigen Schülerinnen und Schüler der 7. Klassen werden alle per Briefpost Ende Mai informiert. Erst dann können wir die Rahmenbedingungen des neuen Stundenplanes einigermassen sicher bekannt geben. Die aktuellsten Anmeldeformulare und Adressen sind auf der Homepage der Primarschule Aarberg aufgeschaltet.  </p>
